e greatest common divisor of 750942 and 13806?
18
What is the highest common divisor of 14157 and 24351899?
143
What is the greatest common factor of 2601 and 1292850?
153
What is the greatest common divisor of 267560757 and 18?
9
Calculate the greatest common divisor of 12504591 and 1491.
213
What is the highest common factor of 111534 and 2546052?
3846
Calculate the greatest common divisor of 51490 and 3723145.
95
What is the highest common divisor of 201 and 57898385?
67
Calculate the greatest common divisor of 387 and 14840547.
129
What is the greatest common divisor of 1361239 and 28877?
67
Calculate the highest common divisor of 64581 and 37175172.
5871
What is the highest common divisor of 9499343 and 148?
37
What is the greatest common factor of 202871253 and 39?
39
What is the greatest common divisor of 513785 and 785975?
1055
Calculate the highest common factor of 43 and 18943693.
43
Calculate the highest common divisor of 16070 and 162530.
10
What is the greatest common divisor of 31019849 and 56?
7
What is the highest common divisor of 453390 and 9905?
35
Calculate the highest common divisor of 36414 and 6498.
18
What is the highest common factor of 13566 and 63840?
798
Calculate the highest common factor of 2070344 and 15481.
137
Calculate the highest common factor of 3554196 and 28.
4
What is the greatest common divisor of 13777 and 1357?
23
What is the greatest common divisor of 3565 and 287360390?
3565
Calculate the highest common divisor of 2228711276 and 44.
44
What is the highest common divisor of 4175022 and 57?
57
Calculate the highest common divisor of 12907934 and 5798.
26
Calculate the greatest common factor of 14099892 and 804.
12
Calculate the greatest common divisor of 899 and 1965586.
31
Calculate the greatest common divisor of 3739300 and 1000.
100
What is the greatest common factor of 346921 and 3971?
361
What is the highest common factor of 367549 and 79625?
637
What is the greatest common divisor of 159 and 75305262?
159
Calculate the greatest common divisor of 8265 and 39793365.
435
What is the highest common divisor of 11648 and 18424328?
104
What is the highest common factor of 62443864 and 148?
148
Calculate the highest common divisor of 1290 and 9572280.
30
What is the greatest common factor of 8241 and 80951589?
123
What is the greatest common factor of 177 and 800018229?
177
Calculate the greatest common factor of 155912 and 19048.
8
Calculate the greatest common factor of 5878813 and 583.
53
What is the highest common factor of 138833 and 2337?
19
Calculate the highest common divisor of 21366573 and 506125.
4049
Calculate the highest common divisor of 439469 and 137783.
653
Calculate the highest common divisor of 10144319 and 9704.
1213
Calculate the highest common divisor of 21668520 and 912.
24
What is the highest common divisor of 389355 and 17675?
505
What is the highest common factor of 380170 and 11200?
70
What is the highest common factor of 1082550 and 32550?
1050
What is the greatest common divisor of 1291531 and 633?
211
Calculate the highest common factor of 16316110 and 80.
10
What is the greatest common factor of 142740 and 109251?
549
Calculate the greatest common divisor of 253456 and 11200.
112
Calculate the greatest common divisor of 24384 and 148.
4
What is the greatest common factor of 678472 and 5624?
8
Calculate the highest common factor of 52 and 2016700.
4
What is the highest common divisor of 95888184 and 3955?
791
What is the greatest common factor of 45484 and 2886864?
548
What is the highest common factor of 30 and 408419280?
30
Calculate the highest common factor of 21182586 and 522.
174
What is the highest common divisor of 3153078 and 72?
18
Calculate the highest common factor of 496848 and 223344.
528
What is the highest common factor of 2328 and 8376726?
582
Calculate the highest common divisor of 275285216 and 17510.
3502
Calculate the highest common factor of 7476 and 101796.
12
Calculate the highest common factor of 247 and 20827610.
19
Calculate the highest common factor of 125 and 730.
5
What is the greatest common factor of 552 and 1422366?
138
Calculate the highest common divisor of 145704 and 2730.
78
What is the greatest common factor of 12061051 and 53?
53
Calculate the highest common divisor of 9763229 and 7.
7
Calculate the greatest common divisor of 80241183 and 99.
99
What is the greatest common divisor of 18789604 and 14020?
2804
What is the highest common divisor of 136227 and 40971?
21
Calculate the highest common divisor of 6496 and 14980994.
406
Calculate the greatest common factor of 83498458 and 102.
34
Calculate the highest common divisor of 864 and 15219144.
216
What is the highest common divisor of 2340947 and 175?
7
What is the highest common factor of 18 and 164409399?
9
What is the highest common factor of 7293 and 18658299?
561
Calculate the greatest common divisor of 6195310 and 9350.
1870
What is the greatest common factor of 233 and 18315431?
233
What is the greatest common factor of 70092 and 2687036?
44
What is the greatest common divisor of 563742 and 768?
6
Calculate the highest common factor of 1041510 and 375.
15
What is the highest common factor of 145 and 1134741?
29
What is the highest common factor of 5814166 and 1010?
202
What is the greatest common divisor of 1924977 and 5586929?
4087
What is the greatest common divisor of 127330 and 127211?
119
Calculate the highest common divisor of 50 and 17894140.
10
Calculate the greatest common factor of 6813 and 9445089.
2271
What is the greatest common divisor of 81651 and 5355345?
4803
Calculate the greatest common divisor of 840 and 283045.
35
What is the greatest common factor of 707964 and 192?
12
What is the greatest common divisor of 3370300 and 52?
4
What is the highest common factor of 2348 and 6370711?
587
What is the highest common divisor of 33464 and 43052?
188
What is the greatest common divisor of 202371 and 120783?
39
What is the highest common factor of 19884793 and 692?
173
Calculate the greatest common divisor of 54 and 16009722.
18
What is the greatest common factor of 4075968 and 2496?
2496
What is the greatest common divisor of 100900 and 7020622?
2018
Calculate the greatest common factor of 168944 and 31344.
16
Calculate the highest common divisor of 330 and 8821670.
110
What is the highest common divisor of 3819 and 818673?
201
What is the greatest common factor of 1619068 and 377828?
1364
What is the greatest common divisor of 27087 and 138981?
3
Calculate the highest common factor of 968 and 11521136.
968
What is the greatest common factor of 70708253 and 9044?
2261
What is the greatest common divisor of 7130494 and 4088?
1022
What is the greatest common divisor of 9127745 and 2093065?
12385
Calculate the highest common divisor of 12666688 and 448.
64
Calculate the highest common factor of 15440726 and 4046.
238
What is the greatest common factor of 10265316 and 4656?
1164
What is the greatest common factor of 2842 and 4875538?
58
What is the greatest common factor of 3440 and 81010?
10
What is the greatest common factor of 74113 and 3640?
13
Calculate the highest common divisor of 95587786 and 56.
14
Calculate the highest common divisor of 25 and 24479415.
5
What is the greatest common factor of 29217834 and 187704?
4266
What is the greatest common divisor of 673353 and 531543?
489
Calculate the greatest common factor of 33 and 3171394578.
33
What is the greatest common factor of 140 and 9092552?
28
Calculate the greatest common divisor of 7191 and 270657.
153
Calculate the highest common factor of 170 and 66515815.
85
Calculate the greatest common divisor of 976448 and 3514544.
3344
Calculate the highest common divisor of 130244950 and 22.
22
Calculate the highest common divisor of 74951011 and 2516.
629
What is the highest common divisor of 107708816 and 8?
8
Calculate the greatest common divisor of 15950 and 24032300.
1450
Calculate the highest common divisor of 127864 and 7832.
88
What is the highest common divisor of 247 and 12705537?
13
Calculate the greatest common factor of 420093261 and 13083.
1869
What is the highest common divisor of 12622376 and 52?
52
What is the highest common factor of 31247 and 4824?
1
What is the greatest common factor of 189